-192. Suppose -d + t + 1965 = 0, -d - u*t = -435 - 1506. Is d a prime number?
False
Suppose -2*d + 0*d = 5*d - 4716831. Is d prime?
False
Suppose -155*w + 10860 = -150*w. Let x = -1063 + 210. Let d = w + x. Is d a prime number?
True
Let b = 412 + -287. Suppose z - a = b, -z - 2*a + 9 = -131. Is 138730/z - (-4)/(-26) a composite number?
True
Suppose 0 = 8*i - 51 + 19. Suppose -i*s + 2483 = w, 4*s - 831 - 4131 = -2*w. Is w a composite number?
True
Suppose 2*q - 24 = 4*k - 10, -k - 1 = 0. Suppose q*v - 2214 - 5091 = 0. Is v a composite number?
True
Suppose 0*v + 581 = -7*v. Let s = -123 - v. Is (18/45 + 6/s)*4156 composite?
False
Let b = -149 - -187. Suppose -40*w + 974 = -b*w. Is w composite?
False
Suppose -3*k + 115 - 6581 = 5*a, -5*k = a + 10806. Is k/4*(-13 - -11) composite?
True
Suppose 144015 = 30*s - 108555. Is s prime?
True
Let r(u) = -u**3 - 2*u**2 - u + 4. Let a be r(0). Suppose -a*d + 112 = 4*z - 8*d, 0 = 4*z - 5*d - 107. Suppose z*p - 4884 = 21*p. Is p prime?
False
Let a be (36/24 - 10/4)/1. Let c(l) be the second derivative of -517*l**3/6 - l**2 - l. Is c(a) a composite number?
True
Let s(f) = -8*f - 51. Let m be s(-7). Suppose m*j + 26178 = 4*b, 4*b = -b - 2*j + 32739. Is b a composite number?
False
Suppose -3*v + 0*t = 3*t - 11928, -3*v + 4*t + 11942 = 0. Let u = v + -1474. Is 40/16*u/10 composite?
True
Suppose -6*r + 605211 - 183105 = 0. Is r a prime number?
True
Suppose 93*a - 92*a = 117497. Is a prime?
True
Suppose -2*t = 138*t + 53*t - 10815527. Is t composite?
False
Suppose 44 = 4*u - 3*z, -32 - 12 = -4*u + z. Let k = u + -3. Is (-1932)/(-3) - 12/k*-2 a prime number?
True
Suppose -5 = -3*r + 10. Suppose 24856 - 9324 = r*z + 2*m, -z + 2*m + 3104 = 0. Is z prime?
False
Let d = -5789 + 32236. Is d a prime number?
False
Suppose 3*q + 123 = -3*o + q, 27 = -o + 4*q. Let k = 42 + o. Suppose v = -5*r + 678, -672 = 2*v - k*v + r. Is v composite?
False
Suppose 17*n - 4*p = 18*n - 134801, 2*n = 4*p + 269530. Is n composite?
False
Let n(q) = -208*q**3 - 8*q**2 - 23*q - 26. Is n(-5) a composite number?
False
Let a be 2/(-7) + 12/(-7). Let l(n) = -54*n + 6. Let k be l(7). Is (a - k)*5/10 composite?
True
Let s = -23 + 35. Suppose 0 = 14*z - s*z - 4. Suppose 4*t = -z*f + f + 8880, -8872 = -4*t + f. Is t a prime number?
False
Let o = -4058 + 9245. Let n = o - 2576. Is n composite?
True
Let j(i) = i**3 + 2*i**2 - 17*i - 7. Let t be j(-5). Suppose -18*u - 3*s = -17*u - 1003, t*s + 4042 = 4*u. Is u prime?
True
Let b be 6*(-9)/(-6)*10/(-6). Let f be (2 - 1)/((-35)/b + -2). Suppose -4*q + 118 = -2*s - s, -37 = -q - f*s. Is q a prime number?
True
Let g be 8/4*(-1)/(2*1). Is -7 + 6 + 4374*(-3)/g prime?
True
Let i(u) = -61*u + 95. Let y be i(-6). Suppose -30*g + y = 3*v - 28*g, 0 = 2*v + 4*g - 294. Is v a composite number?
False
Let h = -57 - -14. Let j = h - -46. Suppose -v - 3747 = -j*q + 3*v, 4*q - 5003 = 3*v. Is q composite?
True
Suppose -9*g = -g + 32. Is (3 - -918)*(g/(-3))/4 a prime number?
True
Let u(h) = 4*h**3 - 3*h**2 - 18*h + 3. Let c(i) = -i**3 - 1. Let x(z) = -6*c(z) - u(z). Let y be x(15). Is y/9*18/12 composite?
False
Is (-22678604)/(-234)*(-9)/(-2) composite?
False
Suppose 186*v = 183*v + 34023. Is v prime?
False
Suppose -150*x + 1030070 = 4*w - 152*x, 0 = -3*w + 5*x + 772542. Is w a prime number?
True
Let l = 49551 + -28088. Suppose 38*i = 25*i + l. Is i a composite number?
True
Let k = 208852 - 41037. Is k a composite number?
True
Let l = -73 + 66. Let x be (-2)/(-6)*(l - -4). Is (22/(-18) - x) + 113360/144 composite?
False
Let x(f) = 4*f - 64. Let h be x(14). Is h + (-77 - -8)*-147 a prime number?
False
Let m(p) = 9*p**3 + 26*p**2 - 13*p - 63. Is m(11) prime?
False
Suppose 3 = 3*i - 2*i. Suppose 0 = i*u + 9, -3*t + 834 = 3*u - u. Let d = -89 + t. Is d prime?
True
Let b = 10 - -133. Suppose 0 = v - 766 + b. Is v prime?
False
Let d = -8 - -8. Suppose -21*l + 23*l - 142 = d. Let k = l + 166. Is k composite?
True
Let n(v) = 794*v**2 + 11*v + 540. Is n(-17) prime?
True
Let f = 43 + -39. Suppose 2*p = 7*p + b - 2353, -f*p - 4*b + 1876 = 0. Suppose 0 = -l + 4*l - p. Is l a prime number?
True
Let a(f) = -1662*f - 5081. Is a(-97) prime?
False
Let c(p) = 45*p + 8. Let h be 1 + (0 - -6) + -3. Let a(l) = -89*l - 17. Let j(y) = h*a(y) + 9*c(y). Is j(7) a composite number?
False
Let w(u) = -u**3 + 46*u**2 + 18*u + 736. Is w(43) composite?
False
Let f = -37 + 49. Let w be ((-746)/f + 6/9)*6. Let q = w - -818. Is q prime?
True
Let n = 49705 + -10383. Is n composite?
True
Suppose 0 = -i - 4*c + 91008 - 15291, 3*i - 2*c = 227039. Is i a composite number?
True
Is ((-77)/(-847))/((-2)/(-1105082)) composite?
False
Suppose 197800 = 2*r + 13*d - 9*d, 3*r + d = 296705. Is r a prime number?
False
Let v(t) = 9*t + 58. Let c be v(-6). Suppose 11987 = 4*u - 3*x, 2996 = u - c*x + 3*x. Is u a prime number?
True
Let u = 201272 + 343199. Is u composite?
False
Let j = 13 + -13. Suppose -162 = 2*t - j*t. Let k = -35 - t. Is k composite?
True
Let c(u) be the third derivative of -19*u**4/24 + 5143*u**3/6 - 103*u**2. Is c(0) composite?
True
Let t be (-5 + 8)*-1 - -4. Is ((t - -463)/8)/(4/106) composite?
True
Let n(i) = -2*i**2 + 21*i - 18. Let g be n(9). Suppose 22*q - 120965 = g*q. Is q prime?
False
Suppose -8*i + 37917 + 243235 = 0. Suppose 20*b - 266876 = i. Is b a prime number?
True
Suppose -59523 = 7*l + 1111. Let b = l + 19775. Is b a composite number?
False
Suppose -4*a + 127099 = -3*c, a = -3*c + 4*a - 127101. Let v = 74570 + c. Is v prime?
False
Suppose -22*g = -19*g. Let c = 108 + -104. Suppose g = c*s - 2*s - r - 1005, -4*s + 2001 = r. Is s composite?
True
Suppose -2*q - 15 = -q - 5*k, -1 = 3*q - 4*k. Let o(s) = 243528*s + 243481*s + 18 - 486962*s. Is o(q) composite?
True
Let q(c) be the second derivative of c**4/2 + 7*c**3/3 + 23*c**2 + 68*c. Is q(-24) prime?
False
Let s = -91245 + 544948. Is s a prime number?
True
Let s(n) = 17*n**2 + 5*n - 1. Let m = -120 - -126. Is s(m) prime?
True
Let g(i) = -4*i + 133. Let z be g(31). Suppose 15*q - 15630 = z*q. Is q a composite number?
True
Let c be (22272/4 - 0) + 7/(-7). Suppose 12*s - 1117 = c. Is s a prime number?
True
Suppose -z = 3*z - 2916. Suppose 736*y - 51821 = z*y. Is y a prime number?
False
Let a(s) = -177*s**2 + 11*s + 3. Let c be a(-2). Let i = 25058 + c. Is i a prime number?
False
Suppose 3*a - 9786 = -3*u, -13*u = a - 17*u - 3267. Let i = 28 - 31. Is (-3)/((-27)/(-6)) - a/i a composite number?
False
Is 403067/14 + (-18 - -19)/((-2)/3) prime?
True
Suppose -2*l + 33 = -5*x, -9*l = -7*l - 4*x - 28. Suppose 0 = -i - 2*q + 2827, i - l*q = -i + 5622. Is i prime?
True
Suppose 0 = 3*o + 3*k - 36, 6*o + 5*k - 53 = 2*o. Let v(j) = 6*j**2 - 1 + 4 - o*j + 4*j**3 - 4. Is v(4) prime?
False
Let o(g) = -g**3 + 6*g**2 + 5*g + 17. Suppose -2*d = -19 + 5. Let f be o(d). Suppose 4*j + f*i = 5573, 2*j - 2809 = 5*i - 2*i. Is j a composite number?
True
Let z(x) = 9883*x - 3215. Is z(18) composite?
False
Let p = 699 + 2650. Let z(k) = -k + 1. Let n be z(-2). Is p/n - (-58)/87 a prime number?
True
Let s(w) = 1808*w**2 + 13*w + 23. Let n be s(-4). Suppose -8*l - 8267 = -n. Is l a prime number?
True
Suppose -216927 - 285286 = -66*z + 405221. Is z composite?
True
Is 520326 - (-7 + 8 - 17) a composite number?
True
Suppose -3*f - 2 = -3*b + 7, 5*f - 3*b = -13. Let l be f/5 + (-48)/(-20)*1. Suppose -441 = -l*o - 5*a, o - 5*a - 16 - 212 = 0. Is o a prime number?
True
Suppose 0 = -5*x - 187 + 212. Suppose 2*l = -4*t + 3294, x*l + 5*t + 0*t = 8260. Is l composite?
False
Let b be -27 - -19 - (-48333)/1. Let a = 90830 - b. Is a a composite number?
True
Let j(g) = g**2 - g. Let v be j(-1). Suppose -v*h + 14 = 8. Let q(i) = 14*i**2 + 6*i - 5. Is q(h) a prime number?
True
Let j(x) = x**2 - 10*x + 19. Let s be j(6). Let m(i) = 97*i**2 - 10*i + 5. Let c(f) = -97*f**2 + 9*f - 5. Let k(p) = s*c(p) - 4*m(p). Is k(1) prime?
True
Suppose -7*i + 9187 = 983. Suppose 33*q - 34*q = i. Is ((-10)/8 - -1)*q prime?
True
Let v = -477473 + 978144. Is v a prime number?
True
Let q = 119665 + 91044. Is q composite?
False
Let r = 15792304 + -10288001. Is r a prime number?
False
Suppose 25*l - 26*l + 4*f + 4311 = 0, 0 = -5*l - 2*f + 21643. Is l prime?
True
Let i = 413 + -408. Let m(q) = 542*q**2 + q - 18. Is m(i) composite?
False
Let v be 2 - (6 + 6 + -17)